the remainder when k is divided by 64?
62
Let t(v) = -v**3 + 19*v**2 - 8*v + 41. Let o be t(19). Let m = o + 206. Calculate the remainder when m is divided by 18.
5
Suppose 0 = 8*j + 6*j - 12*j - 420. Calculate the remainder when 430 is divided by j.
10
Suppose -437*z + 220*z + 221*z - 236 = 0. What is the remainder when z is divided by ((-6)/3 - 14)*(1 + -3)?
27
Suppose -6*b + 3*b = -30. Let o(n) = 4*n**2 - 353*n - 236. Calculate the remainder when o(89) is divided by b.
1
Let g(b) be the second derivative of -b**4/12 + 5*b**3/3 - 5*b**2/2 + 20*b. What is the remainder when ((-22)/(-3))/((-1)/(-6)) is divided by g(3)?
12
Suppose 43 - 109 = -q. Suppose -2*u + 78 = 2*m, m - u - 37 = -0*u. Calculate the remainder when q is divided by m.
28
Let a(k) be the first derivative of 0*k**2 - 1/4*k**4 + 2/3*k**3 - 5 + 37*k. What is the remainder when a(0) is divided by 20?
17
Suppose 1 - 10 = z. Let m be (-2)/3 + (-3 - 51/z). Suppose 102 = m*u + 64. Calculate the remainder when 93 is divided by u.
17
Let o(p) = -p**3 + p - 2. Let b be o(-4). Let a(f) = -2*f**2 + 26*f + 155. Calculate the remainder when a(15) is divided by b/4 + (-1)/2.
11
Suppose 3*i = -6*c + c + 14, -4 = 2*c - 2*i. Suppose -4*s + k + 6 + 21 = 0, 5*s = -k + 45. Let x = s + c. Calculate the remainder when 33 is divided by x.
6
Let d be 2/11 - (-168)/44. Suppose 0 = -d*y - 0*y + 16. Let w = -20008 - -20022. Calculate the remainder when w is divided by y.
2
Let g be 1*4/(-1)*18/(-36). Calculate the remainder when 71 is divided by 20/8*((-144)/(-15) - g).
14
Let x(j) = -3*j**3 + 34*j**2 - 86*j - 13. Calculate the remainder when x(5) is divided by (-2)/7 - 384/(-21).
14
Let x = 6515 + -6494. Calculate the remainder when 30995 is divided by x.
20
Suppose 0 = -79*z + 67*z + 6192. Let b = z - 411. Calculate the remainder when b is divided by 9.
6
Suppose -c + x + 15 = 3*x, -4*x = -5*c + 131. Suppose -2*s + 95 = g, -6*g + 10*g - 380 = 3*s. Calculate the remainder when g is divided by c.
3
Let w = 376 - 115. Calculate the remainder when w is divided by (232/(-32) - -10)/(1/16).
41
Let x be (-2 - 0)/((-2)/(-2) + -2). Suppose -x*h = -5*q - 405, 3*q - 2*h + 213 + 26 = 0. Let o = 98 + q. Calculate the remainder when o is divided by 12.
3
Suppose 0 = -3*t - 2*v + 39, -v = -3*t - 2*v + 36. What is the remainder when 54 is divided by t?
10
Suppose 2*p - 102 = 430. Let u = -254 + p. Calculate the remainder when 274 is divided by u.
10
Let s(z) = 90*z - 5120. Calculate the remainder when s(85) is divided by 141.
133
Let z = -13483 + 14004. Calculate the remainder when z is divided by 100.
21
Suppose -30 - 24 = -3*c. Suppose q - 243 = -2*u, 13*u = -3*q + 18*u + 553. What is the remainder when q is divided by c?
13
Suppose 4387 = 68*w + 239. What is the remainder when 4633 is divided by w?
58
Let d(t) be the first derivative of t**3 + 3*t**2/2 + 2*t - 3. Suppose 0 = -533*b + 537*b - 156. What is the remainder when b is divided by d(-2)?
7
Let x(i) = 16*i + 71. Let h(q) = 31*q + 144. Let u(z) = 2*h(z) - 5*x(z). What is the remainder when 61 is divided by u(-5)?
15
Calculate the remainder when ((-274)/(-1))/((-91)/(-182)) is divided by 19.
16
Let d = 176 + -53. Suppose -j = -2, 4*n - j = d - 9. Suppose b + n = 84. What is the remainder when b is divided by 28?
27
Let w(d) = 5*d**2 - 8*d - 17. Let f(a) = -a**2. Let k(h) = 6*f(h) + w(h). Let v be k(-7). What is the remainder when (-12)/(-8) - 125/v is divided by 4?
2
Calculate the remainder when 1618 is divided by (-31)/(3100/60)*-30.
16
Let t be (-56)/(-42)*6/4. Calculate the remainder when 54 is divided by t/10 + 754/65*3.
19
Suppose l = -2*l + 6. Let g(a) be the third derivative of -a**6/120 + a**5/10 - a**4/8 + a**3/6 + 24*a**2. What is the remainder when g(l) is divided by 5?
1
Let z = 495 - -948. What is the remainder when z is divided by 76?
75
Suppose -r + 57 = -5*g, -36 + 207 = 3*r - 4*g. Let c be (-1)/4 + 6/24*-195. Let u = r - c. Calculate the remainder when u is divided by 27.
25
Suppose -167*r = i - 163*r - 47, 0 = 3*i + 4*r - 165. What is the remainder when 88 is divided by i?
29
Suppose -2*b + 4 = 0, 9*h - 12*h - 3*b + 459 = 0. Calculate the remainder when 4981 is divided by h.
149
Suppose 409*l = 425*l - 2112. Let f = l + -125. Calculate the remainder when 64 is divided by f.
1
Let h(y) = 11*y**2 + y - 4. What is the remainder when h(-3) is divided by (1 + 5/2)*(10 + 26 + -14)?
15
Let v = 29 + 21. Let s = -450 + 477. Calculate the remainder when v is divided by s.
23
Let c = 23016 - 22753. What is the remainder when c is divided by 38?
35
Let f = -56 + 94. Suppose 0 = -12*y + 154 + f. Let g = 1 + 8. What is the remainder when y is divided by g?
7
Let j(f) = -f**3 - 27*f**2 + 2*f + 114. Let z be j(-26). Let u = z + 885. Calculate the remainder when u is divided by 93.
85
Suppose 949 - 559 = 10*k. Calculate the remainder when -6 + 3 + 150 + -3 is divided by k.
27
Let g = 212 + -140. Suppose -74 = -3*f + 13. What is the remainder when g is divided by f?
14
What is the remainder when 27612/208 - (6/(-8))/3 is divided by 18?
7
Let m be 68/(-18) + 6/(-27). Let r(b) = 14*b**2 - 4*b - 9. What is the remainder when r(m) is divided by 18?
15
Suppose 0 = 365*y + 333*y - 530480. Calculate the remainder when y is divided by 363.
34
Let g be 9/2*(-18)/(-27). Suppose 4*o + 245 = g*f, -f + 310 = 3*f - 2*o. Suppose 15 - f = -4*j. What is the remainder when 23 is divided by j?
8
Let v(s) = 11*s + 145. Let z be v(-13). Suppose -l = 2*y - 392, z*l - 888 = -3*y - 298. Calculate the remainder when y is divided by 66.
62
Suppose 2*o - 32 = -2*x - 3*x, -4 = o. Suppose -x*y - 17*y = -275. Calculate the remainder when 106 is divided by y.
7
Let a = 2731 - 2331. What is the remainder when a is divided by 13?
10
Suppose -21*h + 44*h - 805 = 0. Suppose -3*u + 2*k + 3*k = 11, 4*u + 12 = 4*k. Calculate the remainder when ((-64)/(-12))/(u/(-24)) is divided by h.
29
Let v = 17 - 16. Let x be ((-5)/(-9) - v)/((-6)/27). Suppose -x*r - l + 72 = -r, r + 5*l = 56. Calculate the remainder when r is divided by 11.
10
Suppose 2*k - z - 111 = 0, -z - 323 = 1082*k - 1088*k. Suppose -u - 513 = -4*u. What is the remainder when u is divided by k?
12
Let c = -4104 - -4116. What is the remainder when 1030 is divided by c?
10
Let k(d) be the second derivative of -11*d**5/20 - d**4/6 + d**3/2 + 3*d**2/2 + 11*d. Calculate the remainder when k(-2) is divided by (-2483)/(-91) + 4/42*-3.
23
Suppose -4*u - 139*s + 135*s = -2988, -3*u - s = -2243. Calculate the remainder when u is divided by 33.
22
Let y be -7*(2 + 20/(-35)) - -4. Calculate the remainder when (4/y)/((-26)/3315) is divided by 23.
16
Let t(q) = -q**2 + 15*q + 920. Calculate the remainder when 15475 is divided by t(37).
105
Suppose 300*i + 358*i + 26*i = 6840. Calculate the remainder when (-10)/(-1 - 2/(-3)) is divided by i.
0
Let g(u) = 4*u + 38. Let q be g(-6). Suppose 5*h = -6*b + 2*b + 126, -2*b - q = -h. What is the remainder when 482 is divided by h?
20
Suppose 0 = x - 4*s - 47 - 81, 0 = -4*s. Let t(l) = 2*l**2 + 181*l - 2088. Calculate the remainder when x is divided by t(-101).
29
Suppose 2208 = 3*m - 68*f + 71*f, 2*f - 10 = 0. Calculate the remainder when m is divided by 67.
61
Suppose 2*n - 4 = 2. Suppose -n*j + 7 = -23. Calculate the remainder when j is divided by (12/(-2) + 2)*-1.
2
What is the remainder when 1268/(-12)*(0/1 + -3) is divided by 68?
45
Suppose -134*r - 1562 + 9821 = -2997. Calculate the remainder when 914 is divided by r.
74
Let q = 1038 - 984. What is the remainder when 56 is divided by q?
2
Suppose 281*a = 285*a - 348. Calculate the remainder when 3304 is divided by a.
85
Suppose -164*f + 166*f = 8, -3*h + 4*f = -344. Calculate the remainder when 3351 is divided by h.
111
Let g = 104 - 100. Suppose -5*v - 3*y + 764 = -420, 2*v = g*y + 484. Calculate the remainder when v is divided by 61.
55
Let w = -4836 + 4963. What is the remainder when w is divided by 8?
7
Suppose 26*w - 62*w = -8208. Suppose -11*u - 19 = -w. What is the remainder when 66 is divided by u?
9
Suppose -x + 314 + 196 = 0. What is the remainder when x is divided by 38?
16
Suppose 0 = 4*o - 4*c - 96, 2*o - 110*c + 114*c - 6 = 0. Calculate the remainder when 107 is divided by o.
5
Let f = 9047 + -9038. What is the remainder when 430 is divi